2*z + 7 = -b, -z - 29 = v*b + z. Determine c(b).
-4
Let l be ((-84)/294)/(1/56). Let t(u) = 2*u**3 + 31*u**2 - 14*u + 29. Determine t(l).
-3
Let y(t) = -16*t + 12. Let l = -2117 + 2118. Determine y(l).
-4
Let c be (45/30)/(3/(-4)). Let u(b) = 4*b + 4. Determine u(c).
-4
Let q be ((-53)/3)/((-1)/(-3)). Let y = 5088 + -5139. Let p = q - y. Let d(z) = -6*z + 2. Determine d(p).
14
Suppose -7*h - 1 - 48 = 0. Let w(j) = j**2 + 7*j + 5. Give w(h).
5
Let q be 1/(3/(-12)) + 2. Let n be 3/(-1*(5/(-2) - q)). Let j(r) = n + r**2 + 0*r**2 - 8*r + r + r. Give j(4).
-2
Suppose -10*w + 9*w = -24. Let b(i) = -5 - w*i + 31*i - i**3 + 1 - 5*i**2. Let f = -130 - -124. Calculate b(f).
-10
Let j be (-380)/(-70) - 9/21. Let w(s) = -s**2 + 16*s - 21. Give w(j).
34
Let r(j) = j**3 - 16*j**2 + 27*j + 17. Let y be r(14). Let i be ((-2)/4)/((8 - y)/(-20)). Let o(g) = 113*g + 2*g**i - 109*g + g**3 - 7*g**2 + 6. Calculate o(5).
26
Let p(u) = u**3 + 17*u**2 - 11*u + 10. Let t(o) = 2*o**3 + 35*o**2 - 20*o + 21. Let k(x) = 5*p(x) - 2*t(x). Determine k(-16).
-8
Let q(s) = -s**3 - 20*s**2 - 158*s - 20. Let p(v) = -5*v**3 - 81*v**2 - 709*v - 80. Let d(o) = -2*p(o) + 9*q(o). Calculate d(18).
-92
Let j(r) = r. Let y = -28 - -32. Let m(i) = -12*i + 7. Let s be m(y). Let o = -40 - s. Determine j(o).
1
Let f(o) be the third derivative of -o**4/24 - 207*o**2. Determine f(-4).
4
Let y = 8804 - 8795. Let i(m) = 6*m**3 - 53*m**2 - 11*m + 2. Determine i(y).
-16
Let b(a) = -a**3 - 2*a**2 - 4*a - 2. Suppose 5*h + 13*h = -432. Suppose 2*z + 0*z - 8 = 0. Let x be (h/2)/z + 1. Give b(x).
6
Let h(y) = -5*y**2 - 2*y - 2. Let r(g) = 24*g**2 + 7*g + 10. Let k(x) = 5*h(x) + r(x). Determine k(4).
-28
Let k(m) = -2*m**3 + 17*m**2 + 9*m - 1. Let h be (-36)/(-1*(6 - 2)). Give k(h).
-1
Let u be (-3)/(11 + -11 - (-2)/((-16)/6)). Let v(y) = y**3 - 7*y**2 + 4. What is v(u)?
-44
Let x(g) = 2*g**2 + 16*g + 5. Let w = 13349 - 13356. What is x(w)?
-9
Let q(w) = -10*w - 67. Suppose 2*s - 22 = 4*r, 3*s - 570 + 546 = 5*r. Give q(r).
23
Let k(b) = 17 - 1789*b + 1783*b - 31*b**2 + 10. Let o(z) = 6*z**2 + z - 5. Let f(g) = -2*k(g) - 11*o(g). Give f(-1).
-4
Let l(p) = 3*p + 41. Let b = 16 + -13. Suppose b*o - 4*j = -59, 4*j - j = -5*o - 50. Let a be l(o). Let r(m) = -5*m - 1. What is r(a)?
-11
Let q be 10/(-15) - 23/(-3). Let a(r) = -2*r**2 - 2 + r**2 - r**2 + q*r + 10. Give a(6).
-22
Let q(o) = 172*o - 49. Let p(v) = 102*v - 25. Let n(r) = 10*p(r) - 6*q(r). Calculate n(6).
-28
Let d(r) = 1 + 46*r - 8*r**2 - 4*r**2 + 5*r**2 - 7*r**2 - 42*r. Give d(-2).
-63
Let w(k) = -k - 3. Let b be w(-6). Let t(j) = -2*j**2 + 4*j**2 + b - 3*j**2. Let q be -1 - (286/13 - 13 - 7). What is t(q)?
-6
Let q(n) = -154*n**2 + 71*n**2 + 15*n + 89*n**2 - n**3 + 27. What is q(8)?
19
Let m = -30 + 16. Let x = m + 15. Let g(w) be the second derivative of -4*w**3/3 + 222*w. Calculate g(x).
-8
Let z(r) = -8*r - 9. Let d(h) = -3*h - 1. Let o(c) = 6*d(c) - 2*z(c). Calculate o(4).
4
Let j(g) = g**2 + 10*g + 12. Suppose i - 11*u = -9*u + 5, i + 2*u = -23. Determine j(i).
3
Let s(z) = 2 + 10 - z**3 - 4 + 7*z**2 - 6*z. Suppose -20 = 834*c - 847*c + 58. Calculate s(c).
8
Let a(f) be the second derivative of f**5/20 + f**4/4 - f**3/3 + 2*f**2 - f. Let d = -174 + 161. Let c(r) = -7*r - 95. Let b be c(d). Give a(b).
-4
Let b(q) be the third derivative of q**6/120 + 7*q**5/30 + q**4/2 + q**3 - 1562*q**2. Determine b(-13).
19
Suppose 0 = -3*i + 6, 1 = 2*z + 4*i - 11. Let m(w) be the second derivative of -5*w**3/6 - 1936*w - 3. Determine m(z).
-10
Let q(j) = 508*j - 246*j - 258*j + j**2 - 5 - j**3. Give q(0).
-5
Suppose -5*r = 4 - 14. Let s(p) = -r*p + 1 - 5 + 0*p + 8. Calculate s(4).
-4
Let z(l) be the first derivative of -l**5/60 + 7*l**4/24 + l**3/2 - l**2 - 89*l + 47. Let y(q) be the second derivative of z(q). Determine y(7).
3
Let u(w) = 7*w - 27. Let s(m) = 13*m - 51. Let v be 5/((20/36)/(4/6)). Let k(y) = v*s(y) - 11*u(y). Give k(8).
-1
Let w be (-24 - 0)*63/28 - -5. Let l be (-2)/(-3 + (-161)/w). Let j(y) = -y**3 - 7*y**2 + y + 10. Determine j(l).
3
Let s(i) = -37*i + 1. Suppose -8 = 2*m + 2*c, -m = -5*c + 7*c + 10. Determine s(m).
-73
Let v(k) = -93*k + 4. Let n(a) = -35*a + 2. Let g(y) = -8*n(y) + 3*v(y). Give g(0).
-4
Let x(v) be the second derivative of -2 - 3*v**2 - v + 1/3*v**3. Give x(6).
6
Let g(u) be the second derivative of -u**5/20 + 5*u**4/12 - 2*u**3/3 - 2*u - 68. Let z = -128 - -131. Determine g(z).
6
Let b(i) be the second derivative of -i**5/20 - 5*i**4/12 - 5*i**3/6 - 11*i**2 + 3822*i. Calculate b(-5).
3
Let p(v) = -v**2 - 20*v - 19. Let k = 7774 - 7782. Calculate p(k).
77
Let y(p) be the second derivative of p**4/12 - 5*p**3/3 - 132*p**2 + 5*p + 25. Calculate y(22).
0
Let r = 8 - 6. Let y be 0/(-3 - (1 - r)). Suppose 3*h = -c + 2 - 3, -4*c - h + 18 = y. Let q(i) = i**2 - 3*i - 4. What is q(c)?
6
Let p(m) = -4*m**2 - 351 + 3*m**2 - 3*m**2 + 375 - 58*m. Give p(-15).
-6
Let q(s) = 3*s**3 + 14*s**2 + s - 6. Let d(x) = -x**3 - x - 1. Let t(a) = 2*d(a) + q(a). Suppose 0 = 35*k + 275 + 215. Determine t(k).
6
Let j(c) be the second derivative of -c**4/6 + 5*c**3/2 + c**2/2 + 2*c - 1398. Determine j(12).
-107
Let o(c) = 3*c**2 + c + 1. Let g be o(-1). Let k(d) = -3*d + g*d + 3 - 2*d. Let q(s) = -53*s - 13668. Let w be q(-258). Give k(w).
-9
Let b be 4236/1059 + (-3 - -2)/(1*-1). Let t(i) = i**2 + i + 1. Let z(o) = o**2 + 5*o + 9. Let l(f) = -2*t(f) + z(f). What is l(b)?
-3
Suppose 6 = 17*q - 35*q + 21*q. Let b(s) be the third derivative of 1/12*s**4 - 1/6*s**3 + 1/12*s**5 + 0 + 23*s**q + 0*s - 1/120*s**6. Give b(4).
23
Let j(i) be the second derivative of i**3/3 - 5*i**2/2 + 2*i. Suppose 44*m + 0 = -264. Give j(m).
-17
Let n(w) = -w. Let s(t) = -10*t + 1. Let k = -16 + 20. Let q(d) = k*n(d) - s(d). Let h = 882 + -885. Give q(h).
-19
Let s(v) = v - 16. Let m(l) = 12. Let y(h) = -2*m(h) - s(h). Give y(-3).
-5
Let n(s) = -s**2 - 5*s - 1. Let w be n(-4). Suppose 5*u + 7 = -w. Let d(m) = -103*m - 6. Let c(a) = -82*a - 5. Let l(q) = -5*c(q) + 4*d(q). What is l(u)?
5
Let d be (-5 - -1 - 1)*1. Let o(x) = 150368*x**2 + 25 - 2*x + 150370*x**2 - 451118*x**2 + 150381*x**2 + 13*x. Give o(d).
-5
Let h(o) be the third derivative of 2 + 1/15*o**5 + 1/120*o**6 - 1/24*o**4 + 0*o - 1/2*o**3 + 58*o**2. What is h(-4)?
1
Let g(c) = 7 - 18*c**2 + 74*c**2 - 22*c**2 - 19*c**2 - c - c**3 - 19*c**2. Determine g(-4).
11
Let w(l) = l - 34. Let j = 7034 - 7034. What is w(j)?
-34
Let n(u) = -6*u - 4. Let s(f) = 10*f + 7. Let w(o) = -o**2 + 33*o - 11. Let j be w(33). Let p(c) = j*n(c) - 6*s(c). Calculate p(-1).
-4
Let i(n) be the first derivative of 7*n**2 + 111 + 10*n**2 + 2*n**3 + 9*n**2 - 27*n**2 - 3*n. Determine i(-2).
25
Let o = 164 - 284. Let w = 127 + o. Suppose -18*u - w = -11*u. Let m(i) = -12*i**2 - 2*i - 1. Give m(u).
-11
Suppose -40*u + 265 = 265. Let j(l) = -2*l**2 - l + 2. Determine j(u).
2
Let b(h) be the second derivative of -h**5/20 - 5*h**4/12 + h**3/3 - 17*h**2/2 - 1068*h. Determine b(-5).
-27
Let t be ((-215)/(-45) - 5)*-27. Let d(c) = 2*c + 38. Let z(v) = v + 20. Let n(a) = t*d(a) - 11*z(a). Suppose 5*q + 33 = -12. What is n(q)?
-1
Let p(i) = -3*i + 4. Let v(a) = 7*a - 7. Let t(x) = -9*p(x) - 4*v(x). Let h = 18161 - 18154. Calculate t(h).
-15
Let p(r) be the first derivative of -r**4/4 + 2*r**3 + 11*r**2/2 - 5*r + 443. Let m be (-13 - 3)/(-4) - -3. Give p(m).
23
Suppose 2*b - 4*u = -2, 5*b + 61*u - 64*u + 19 = 0. Let v(i) = -i + 23. What is v(b)?
28
Let p(u) be the third derivative of -u**6/120 - 19*u**5/60 - 5*u**4/2 + 8*u**3/3 + 4*u**2 + 24*u - 1. What is p(-15)?
16
Let m be 3 - (11 + (-8 - -2)). Let c(k) be the second derivative of 5*k + 0*k**4 + 1/20*k**5 + 0 - 1/6*k**3 + 1/2*k**2. What is c(m)?
-5
Let a(o) = -6*o + 3. Let q(t) = 4*t - 2. Let z(n) = -3*a(n) - 5*q(n). Let v = -11 - -22. Let r be v/(-33) - 4/6. Calculate z(r).
3
Let w(y) = 4 + 0*y**3 - 7*y**2 + 3*y**3 - 2*y**3 + 3*y. Suppose -5*m + 4*s = -26, 37*s - 32*s = 5. Give w(m).
-14
Suppose -2*n - 24 = -2*z, n + 3 = -1. Let w(m) = -m**2 + 3*m + 6. Calculate w(z).
-34
Let u(a) be the first derivative of a**5/120 + a**4/8 - 89*a**3/3 + a**2/2 + 234. Let q(w) be the third derivative of u(w). What is q(-6)?
-3
Suppose -3*q + 10 = 4*g - 18, -2*g = -q + 16. Let a(w) = 2*w - 19 + q - w**2 + 2*w*